ivisor of d and x?
2
Let k(c) = -13*c + 294. Let f be k(22). What is the highest common divisor of f and 66?
2
Let w = 15 - 4. Suppose 11*d = 11 - 0. What is the highest common divisor of w and d?
1
Let h(y) = 9*y**2 - 2*y - 4. Let d be h(-2). Calculate the greatest common factor of 126 and d.
18
Let u = -12 - -24. Let y be (-72)/(-15)*(3 + 17). Calculate the highest common divisor of y and u.
12
Let w(s) be the second derivative of s**4/12 - 7*s**3/6 + 4*s**2 - 15*s. Let m be w(8). Calculate the greatest common divisor of m and 8.
8
Let b = 475 - -6. Calculate the greatest common divisor of b and 78.
13
Suppose -33*w = -12*w - 7434. What is the highest common divisor of 6 and w?
6
Let a = -579 - -601. Calculate the highest common divisor of 6 and a.
2
Let m be (-24710)/(-95) + (30/(-95))/3. Calculate the highest common factor of 140 and m.
20
Suppose -364 = -4*d - 3*w, -3*d + 7*w - 12*w = -284. Let k = -19 + 41. What is the highest common factor of d and k?
22
Suppose -5*r + 33 = 2*u, -2*r + u + 2 = -13. What is the highest common factor of r and 1?
1
Suppose -3*w + 379 - 319 = 0. Calculate the greatest common factor of 90 and w.
10
Let a = 1297 + -793. Suppose 0 = 2*z + 10 - 2, -5*d - 4*z = -a. Let w be 24/(-56) - d/(-14). Calculate the greatest common divisor of 14 and w.
7
Suppose 0 = 3*o - 4*o + 2. Suppose 10 = 5*j + 5*g, -2 - 12 = -4*j + o*g. Let l be 11 - (2 + -7 + 7). What is the greatest common factor of l and j?
3
Let j = -572 - -635. Calculate the highest common divisor of j and 27.
9
Suppose -4*l - 28 = -3*l. Let q = l + 48. What is the greatest common factor of q and 10?
10
Suppose 3*j = 5*d - 7, -2*d - 4*j + 5*j = -3. Calculate the highest common divisor of d and 64.
2
Let b be ((-124)/(-2))/(1/2). Let r = -64 + b. Suppose 0*a + r = 4*a. Calculate the highest common factor of a and 3.
3
Suppose -i = -5*i - 16, 4*y + 8 = -2*i. Suppose 2*m - 5*c + y*c = 16, -2*m = 3*c. Calculate the greatest common divisor of m and 9.
3
Let k(q) = 11*q - 363. Let x be k(37). What is the greatest common factor of x and 2156?
44
Let y = -562 + 1255. What is the highest common divisor of 22 and y?
11
Let i = -223 + 232. Calculate the greatest common divisor of i and 549.
9
Suppose -3*r + 55 = -4*p, 2*r + 3*p = -3*r + 53. Let c(i) = -18*i + 47. Let z be c(-10). Let q = z + -136. Calculate the highest common factor of r and q.
13
Suppose -5*q = -6*q + 3. Suppose -3*f + 4*d + 29 = -9, 46 = 4*f - q*d. What is the highest common factor of 15 and f?
5
Let d be ((-4)/(-5))/(2/60). Let l = -4186 - -4189. Calculate the highest common factor of d and l.
3
Let b(y) = 3*y + 63. Let m be b(-6). Calculate the highest common divisor of 135 and m.
45
Let i be (8/16)/(1/24). Let f = 21 - 4. Let j be (-4)/16 + f/4. What is the greatest common factor of j and i?
4
Let d be (12 - (6 - 5))*-3*-5. Calculate the greatest common divisor of 30 and d.
15
Let i(r) be the second derivative of -r**3/6 + 23*r**2 + 2*r. Let p be i(26). What is the highest common divisor of 30 and p?
10
Suppose t - 6*t + 45 = 0. Let s(l) = l - 136*l**3 + t + 2*l + 135*l**3 - 5*l**2. Let y be s(-6). What is the highest common divisor of 3 and y?
3
Let f be (1 - -1) + 12*(-12)/(-18). Let o be (-57)/(-45)*21 + (-6)/f. What is the greatest common divisor of 65 and o?
13
Let u(c) = -c**3 - 10*c**2 - 19*c + 16. Let z be u(-7). Suppose 8*i = -z*i + 270. Let p = -1 - -10. What is the highest common divisor of p and i?
9
Let p(t) = 30*t - 8. Let n be p(2). Let l be 240/(-5 + n/8). What is the highest common factor of 32 and l?
32
Suppose w - 7 = -h, -3*w + 4 + 15 = h. Suppose k - w = -2*k. Let t = 103 + -87. Calculate the highest common divisor of t and k.
2
Let w = -4 - -17. Let t(n) = 6*n**2 - 5*n - 12. Let h be t(-4). What is the greatest common divisor of h and w?
13
Let v be (1 + (-16)/6)*(-37 - 2). Let g(x) = -x**3 - 18*x**2 + 16*x - 31. Let t be g(-19). What is the highest common factor of t and v?
13
Let k(n) = n**3 + 6*n**2 + 4*n. Let d = 7 + -4. Suppose 0 = d*q + 5 + 1. Let w be k(q). What is the greatest common divisor of 24 and w?
8
Let u(a) = a**2 + 2*a + 15. Suppose -7 - 3 = 4*n - 2*d, 2*n - 3*d + 15 = 0. Let y be u(n). What is the highest common factor of y and 105?
15
Let r(d) = -d - 3. Let g = -39 - -27. Let k be r(g). Calculate the greatest common divisor of 81 and k.
9
Suppose -s - 1635 = -5*x, 333 = 10*x - 9*x + s. What is the highest common factor of 8 and x?
8
Let u(h) = 85*h**2 + h + 1. Let x be u(-1). Let z = x + -28. Suppose 123 = 5*k - 3*q - z, -180 = -5*k + 2*q. Calculate the highest common divisor of 24 and k.
12
Suppose 0 = -16*t + 247 - 231. Let w = 1 - 1. Suppose w = -4*p + 2*p + 18. What is the highest common divisor of p and t?
1
Let c be (-6)/45 + 2114/105. Let w be (-512)/(-3) + c/60. Calculate the highest common factor of 19 and w.
19
Let f = -560 - -561. Calculate the greatest common factor of f and 67.
1
Let i be 1*83 + -3*(-70)/(-42). What is the highest common factor of i and 117?
39
Suppose 56 = 52*q - 48*q. Let d(z) = 2*z**2 - 10*z - 14. Let h be d(7). What is the greatest common divisor of q and h?
14
Let a = -486 + 726. Calculate the greatest common factor of 24 and a.
24
Let g(v) = -v**3 - 15*v**2 + 41*v + 37. Let t be g(-19). Calculate the highest common factor of t and 156.
78
Let n be (-74 + -7)*6/(-9). What is the greatest common divisor of 144 and n?
18
Let f be (-47)/(-94)*(270 - (0 - 2)). What is the highest common divisor of f and 56?
8
Let i be 292 - (-21)/((-126)/(-24)). Suppose 2*h - 5*w - 17 = 32, 4*h - 163 = -3*w. What is the greatest common factor of h and i?
37
Let m = 34 + -19. Let o be (-1 + 8)*(-4 + m). Suppose -85*n - 55 = -90*n. What is the highest common divisor of o and n?
11
Suppose -5*s - 5*d + 30 = -0*s, 5*d - 10 = 5*s. Suppose 0 = -s*y - 3*n + 22, 4*y = -n + 23 + 11. What is the greatest common factor of 16 and y?
8
Let j = 263 - 89. What is the highest common divisor of j and 58?
58
Let h(d) = -33*d - 4. Let r = 153 - 154. Let k be h(r). Calculate the highest common divisor of k and 58.
29
Let d(y) = y**2 + 6*y + 8. Suppose 7*l = 10*l + 21. Let n be d(l). Calculate the highest common divisor of n and 135.
15
Let s = 214 - -10. Suppose -4*q + s = -2*m, -4*q + 4*m = -0*m - 224. Let b = -17 + 45. Calculate the greatest common factor of q and b.
28
Let y(k) = 1522*k**2 + 5*k. Let z be y(-1). Calculate the greatest common factor of z and 41.
41
Suppose -6*o + 4*o + 5*y + 193 = 0, 3*o + 4*y = 324. Calculate the highest common divisor of o and 13.
13
Suppose -3*y = 5*r + 40, 5*r + 45 = -4*y - 0*y. Let b(u) = -u - 4. Let v be b(r). Let l be v/(((-16)/(-20))/4). What is the greatest common factor of 10 and l?
5
Let g be 7 + 406*8/16. What is the greatest common factor of g and 70?
70
Let q be (-10740)/(-36) - ((-39)/(-9) - 2). Calculate the greatest common divisor of 37 and q.
37
Suppose 5*g - 2*j - 224 = 0, -j = -4*g - 103 + 284. Let c be g/(-4)*2*-1. Let b = c - 11. Calculate the highest common divisor of b and 8.
4
Suppose -3*t - 506 = -2*d, 7*d = 4*d - 3*t + 744. What is the highest common factor of d and 20?
10
Let v = -15 - -20. Let w be (-112)/(-49) + 2/(-7). What is the highest common factor of w and v?
1
Let q(b) = b**3 + 5*b**2 + 2*b + 6. Let h be q(-4). Let x be (-8)/h + 424/56. Suppose 4*c - 4 = -0*c. Calculate the highest common factor of c and x.
1
Let y(w) = -29*w - 159. Let g be y(-7). Let s be (-1323)/(-6) + (-2)/4. Calculate the greatest common factor of s and g.
44
Suppose 0 = 2*g - g - 3*c - 10, -3*c = -6. Suppose -w - 3 = -g. Suppose -78 + w = -5*t. What is the greatest common divisor of t and 52?
13
Let q = -155 - -206. Calculate the greatest common divisor of 17 and q.
17
Suppose c + 5*d = 11, 0 = -5*d + 4*d - 3. Suppose -2*m = -4*m + c. Calculate the highest common divisor of 52 and m.
13
Suppose -170 = -4*y + 38. Suppose -o + y = 3*f, 3*o = -13 - 2. What is the highest common factor of 152 and f?
19
Let k be (-1)/(-1)*(32 - 2). Suppose -6*x - j = -4*x - 120, x - 60 = 5*j. Calculate the highest common divisor of k and x.
30
Let z = 46 + -19. Let h = -1186 - -1190. Suppose -4*f + 5*t + 41 = 0, 2*t - 35 = -h*f + z. What is the highest common divisor of 112 and f?
14
Suppose -j - 158 = -2*a + 3, -5*j = 5*a - 395. Let z =